of t?
8
Suppose 5*c - 20686 = -2*u, -4*u + 108*c + 41316 = 104*c. What is the tens digit of u?
3
Suppose 4*c - 20 = 0, -2*g - 86*c = -76*c - 53392. What is the units digit of g?
1
Let f be 2/6*1*-3 - 936. Let q = f + 1359. Let r = q + -219. What is the hundreds digit of r?
2
Let v(b) = 23*b**2 + 395*b - 46. What is the thousands digit of v(15)?
1
Let k(j) = j**2 + 16*j + 15. Let c be k(-15). Suppose -r = -i - 3, c*r = -r + 1. What is the tens digit of (-6 - i)/((-6)/195)?
3
Let d = -1876 + 1879. Let w(r) = -r**2 + 7*r. Let s be w(7). Suppose s = d*q + q - 444. What is the tens digit of q?
1
Suppose -3*r - 100 = -13*r. Let s be -24*(4 + (-5)/r). Let j = 178 + s. What is the tens digit of j?
9
Let g(p) = 104*p**3 - 11*p**2 + 63*p - 228. What is the units digit of g(8)?
0
Let d = 31685 - -7553. What is the thousands digit of d?
9
Suppose 2*t - 31048 = 4*b, 6*b + 46590 = 3*t + 3*b. What is the tens digit of t?
3
Let r = -113573 - -167464. What is the hundreds digit of r?
8
Suppose 25*t = -5*t + 57*t - 447903. What is the ten thousands digit of t?
1
Suppose -4*c + 20 = 2*h, -3*h - 5 = -3*c + 2*c. Let u(z) = -3*z + 475. Let l be u(50). Suppose c*y + 4*g = l, -3*g = 2*y - 72 - 65. What is the tens digit of y?
6
Suppose 6*b = b + 2*h + 80100, -3*b + 2*h + 48064 = 0. What is the units digit of b?
8
Let k = 896 - 831. Suppose -k + 1580 = a. What is the hundreds digit of a?
5
Let o(j) = -j**3 - 31*j**2 - 58*j + 9. Let c be o(-29). What is the units digit of (6/c - (-4)/12) + 769?
0
Let a(q) = 2077*q**2 - 16*q + 27. Let c(s) = -1039*s**2 + 8*s - 13. Let v(b) = -4*a(b) - 9*c(b). What is the tens digit of v(1)?
4
Suppose -502 + 152 = -2*c + 4*g, -4*c + 752 = 5*g. Suppose 4*m - c = m. Let i = m + 33. What is the tens digit of i?
9
Suppose -7*x - 23078 = -297*u + 294*u, 15393 = 2*u + 3*x. What is the hundreds digit of u?
6
Suppose -23 = -3*d - 5*p, 0 = 2*d - p - 3 - 8. Let h be 0/(-6 - (1 - d)). Suppose -2*y + 4*y + 412 = 4*f, 3*y = h. What is the units digit of f?
3
What is the hundreds digit of (39/14 - 4/14)/((-4317)/(-23000976))?
3
Let r(p) = 239*p - 248. What is the hundreds digit of r(37)?
5
Let m(p) = -13*p + 191. Let y be m(15). Let q(w) = -18*w**3 - w**2 - 20*w - 80. What is the tens digit of q(y)?
3
Let k be (4 - (-15)/(-1))*-3. Suppose 26*y + 9464 = k*y. What is the thousands digit of y?
1
Let z(x) = 53*x + 27. Let h be z(-2). Suppose 0 = 3*m + 263 + 91. Let u = h - m. What is the units digit of u?
9
What is the units digit of -1*(-12 - (-11 + 7 + -1)) + 13986?
3
Let r = -821 + 1373. Let a = r - 345. Suppose -11*n = -14*n + a. What is the tens digit of n?
6
Let o(a) = -39*a + 17. Let f be ((-9)/42 - 4/14)*6. Let j be o(f). Suppose 4*i - j = 138. What is the tens digit of i?
6
What is the tens digit of 220/10 + 546 - (2 - (8 - -1))?
7
Let z = -147 + 139. What is the tens digit of 3/((-846)/(-1032) - (-6)/z)?
4
Suppose -3*l - l + 2556 = 0. Suppose -3*j + 965 = z, -l = -j - j - 5*z. Suppose 5*y + 3*n = 411, 0 = -3*y - y + n + j. What is the units digit of y?
1
Let o(n) = 11*n**2 - 32*n + 121. Let v be o(5). Let g = 490 - 61. Let d = g - v. What is the hundreds digit of d?
1
Suppose 7*k - 4 - 10 = 0. Let p be (20/15)/(k/21). Suppose -420 = -19*a + p*a. What is the tens digit of a?
8
Let b be (20/(-2))/((-13)/26). Suppose 0 = -5*g - b, -r + 504 = -5*r - 3*g. Let w = r + 323. What is the units digit of w?
0
Let l = -45 - -57. Let x(w) = w**3 - 8*w**2 + 21*w - 37. What is the tens digit of x(l)?
9
Suppose 0 = 94*o - 584005 + 183847. What is the hundreds digit of o?
2
Let y be -31 + 32 + 3/1. Suppose -5*s - 2*g + 0*g + 707 = 0, -5*g = -s + 163. Suppose -s = -5*o + y*o. What is the tens digit of o?
4
Let n(g) = 820*g + 151. What is the hundreds digit of n(6)?
0
Suppose 5*b + 16 = 21. What is the hundreds digit of 191 + (b - (-1 + -4))?
1
Let t be -42*(-2 - 0)*(-4)/(-16). What is the tens digit of 1196 - t*4/(-12)?
0
Let y(n) = n + 11 + 13*n - n**2 + 10 - 34*n. Let i be y(13). What is the tens digit of ((-2)/(-11) + i/187)*-42?
8
Let o be ((-8)/32)/((-3)/1608). Suppose 2*r = -5*u + 578, -o - 169 = -r + u. What is the tens digit of r?
9
Let k = 546 + -294. Suppose -2*p = -3*p + k. What is the tens digit of p?
5
Suppose -3098 = 2*t + 4*u - 15452, 5*t + u = 30858. What is the units digit of t?
1
Let k(b) = b**3 - 4*b**2 - 12*b - 4. Let x be k(7). Suppose 18620 = -31*i + x*i. What is the hundreds digit of i?
6
Let x be (-461729)/7 - 16/(-56). What is the units digit of (-2)/(-13) + x/(-91) + 8?
3
Let b(t) = 50*t - 20. Let a be (-52)/6*87/(-58). What is the tens digit of b(a)?
3
Suppose 0 = 4*s + q - 27439, -3*s - 211*q = -209*q - 20583. What is the thousands digit of s?
6
Suppose v - 4*v = -141. Suppose 37*l = 2295 + 1442. Let x = l + v. What is the tens digit of x?
4
Let y(r) = -40*r - 1. Let q(t) = -t**2 + 9*t + 6. Let w(o) = -4*o**2 + 19*o + 13. Let u(v) = -5*q(v) + 2*w(v). Let f be u(-2). What is the units digit of y(f)?
9
Suppose -46 = 5*h - 46. Let i be (h*2/4)/(-1). Let z = i + 2. What is the units digit of z?
2
Let y(q) = 3*q**2 + 31*q + 21. Let w be y(-10). Suppose 0 = -w*r + 3547 + 7046. What is the units digit of r?
3
Let x(j) be the second derivative of 97*j**3/3 - 172*j**2 + 29*j + 2. What is the units digit of x(9)?
2
Let y(b) = -92*b**3 + 5*b**2 - 3*b - 9. Let x be y(-2). Let w = 1129 - x. What is the hundreds digit of w?
3
Suppose -26*f = -8*f - 54. Suppose 10136 = -f*g - 6832. What is the hundreds digit of g/(-28) + 2 + -1?
2
Suppose -5*r = 2*z - 169471, -67758 = -2*r - 9*z + 12*z. What is the thousands digit of r?
3
Let z be -169 - -3 - (6 + -4). Let i be 1/(3*3/18) - -5. What is the tens digit of (-1)/i - 9432/z?
5
Let t be 21/(3/(-5)*(-45)/18). What is the hundreds digit of 8992/t + (-84)/294?
6
Let n(p) = -2*p**2 - 45*p - 20. Let k(m) = -2*m - 34. Let g be k(-8). What is the hundreds digit of n(g)?
1
Suppose 0 = r - 2*l - 20, -r + 4*l - 92 = -5*r. Let p = 36 - r. What is the units digit of p?
4
Let m(j) = -3*j**3 - 4 - 3 + 2*j - 3*j**2 - 20. Let x be m(-5). Suppose -55 = -2*o + x. What is the tens digit of o?
5
Let f be 24/(-4)*194/(-4). Suppose -f - 78 = -2*r + 5*v, 5*r = v + 865. Suppose u = 3*u - r. What is the units digit of u?
6
Let v(j) = -17*j**2 + 151*j + 90. Let f(p) = -3*p**2 + 30*p + 18. Let z(l) = -11*f(l) + 2*v(l). What is the units digit of z(-14)?
8
Let k(h) = -287*h + 255. What is the hundreds digit of k(-22)?
5
Let i = -17 - -26. Let q be 8/36 + 16/i. What is the units digit of (124/(-16))/(q/(-16))?
2
Let u(p) = 9*p**2 - p + 1. Let c = 36 + -36. Suppose 0 = -4*z - 3*j - c*j + 27, -z + 4*j = 17. What is the units digit of u(z)?
9
Let a(f) = -f**3 + 25*f**2 - 45*f + 11. Let x be a(26). Let o = -1059 - x. What is the units digit of o?
6
Suppose -2*s = -2*t - 32, -s + 5 + 19 = t. Suppose -s*y = 8*y - 8232. What is the units digit of y?
4
Let y = -12 - -41. Let s = y + -24. Suppose -4*h - s*n = -400, h - 4*n + 3*n - 91 = 0. What is the units digit of h?
5
Suppose -18*i = -38*i + 2900. What is the units digit of (i/(-30))/(-1)*4*3?
8
Suppose 3 + 5 = 4*i, 2*p + i - 8 = 0. Suppose 319 = p*a - 1706. What is the hundreds digit of a?
6
Let a(n) = 19*n - 540. Let y(k) = 10*k - 270. Let b(w) = -3*a(w) + 5*y(w). Suppose 0 = 5*p - h + 2, -3*h = -3*p + 4*p - 6. What is the hundreds digit of b(p)?
2
What is the ten thousands digit of 4*5879 - ((-25)/((-150)/(-36)) + 9)?
2
What is the ten thousands digit of ((-5025)/(-6) + -6)/(4/328)?
6
Let k = 55064 + -18254. What is the units digit of k?
0
Suppose 0 = -4*r + m + 3*m - 3172, r = 5*m - 789. Let k = 1214 + r. Suppose 1 = 4*l - 19, -2*x = -4*l - k. What is the units digit of x?
0
Let y = 50676 - 24951. What is the hundreds digit of y?
7
Let o = 766 + -1480. Let z = o + 1637. Suppose -z = -10*i + 167. What is the tens digit of i?
0
Let g = 5091 + 18670. What is the units digit of g?
1
Suppose 0 = -a - u - 266, -4*u = -2*a + 113 - 675. Let b = -139 - a. Suppose 18*n - 22*n = -b. What is the units digit of n?
3
Let s(x) = 4045*x**2 - 413*x - 1260. What is the units digit of s(-3)?
4
Let f = -70 - -130. Let k be (-2)/(3*(-5)/f). Suppose 2*h + 40 = 5*l, 4*l - k - 31 = 3*h. What is the units digit of l?
6
Let b = -90113 - -128227. What is the ten thousands digit of b?
3
Suppose -27*j = 131*n -